nd 5.
5
What is the highest common divisor of 4260 and 24?
12
What is the highest common factor of 369 and 621?
9
Calculate the highest common divisor of 114 and 62871.
57
Calculate the greatest common factor of 8 and 576.
8
Calculate the greatest common factor of 1342 and 22.
22
Calculate the highest common factor of 1363 and 29.
29
What is the greatest common factor of 192 and 636?
12
Calculate the greatest common divisor of 3 and 156.
3
Calculate the highest common factor of 276 and 69.
69
What is the highest common factor of 93 and 6789?
93
Calculate the highest common divisor of 16 and 129.
1
Calculate the greatest common divisor of 1410 and 630.
30
What is the highest common factor of 55 and 73205?
55
Calculate the greatest common factor of 415 and 2241.
83
What is the highest common factor of 2185 and 1805?
95
What is the greatest common factor of 121 and 55?
11
What is the highest common factor of 1456 and 6136?
104
Calculate the highest common divisor of 37 and 2257.
37
What is the highest common divisor of 855 and 1045?
95
Calculate the greatest common divisor of 140 and 224.
28
Calculate the highest common factor of 560 and 630.
70
Calculate the highest common divisor of 55 and 2035.
55
What is the highest common divisor of 8 and 184?
8
Calculate the highest common divisor of 3293 and 801.
89
What is the highest common divisor of 6 and 111?
3
Calculate the greatest common divisor of 4674 and 246.
246
What is the greatest common factor of 3707 and 44?
11
Calculate the greatest common divisor of 2054 and 26.
26
What is the greatest common factor of 5706 and 450?
18
Calculate the greatest common factor of 144 and 18.
18
What is the greatest common divisor of 264 and 2343?
33
What is the highest common factor of 34 and 3842?
34
What is the greatest common divisor of 970 and 873?
97
Calculate the highest common factor of 64 and 1984.
64
Calculate the highest common divisor of 1100 and 400.
100
What is the greatest common divisor of 8740 and 19?
19
Calculate the highest common factor of 16 and 64.
16
What is the greatest common factor of 36 and 252?
36
Calculate the highest common factor of 252 and 11676.
84
Calculate the greatest common divisor of 77 and 11.
11
Calculate the greatest common factor of 72 and 396.
36
Calculate the highest common factor of 11 and 141779.
11
Calculate the highest common factor of 56 and 280.
56
What is the greatest common divisor of 4771 and 13?
13
Calculate the greatest common divisor of 4525 and 25.
25
Calculate the greatest common divisor of 4325 and 519.
173
What is the highest common factor of 126 and 693?
63
What is the greatest common factor of 15 and 30945?
15
What is the highest common factor of 13 and 871?
13
What is the highest common divisor of 405 and 360?
45
Calculate the highest common factor of 186 and 10.
2
What is the highest common divisor of 31 and 107?
1
What is the greatest common divisor of 58 and 3712?
58
Calculate the highest common divisor of 144 and 522.
18
Calculate the highest common factor of 77 and 693.
77
Calculate the greatest common divisor of 154 and 44.
22
What is the highest common divisor of 414 and 2806?
46
Calculate the greatest common factor of 256 and 1312.
32
Calculate the greatest common factor of 153 and 136.
17
What is the highest common factor of 108 and 153?
9
Calculate the highest common factor of 4 and 698.
2
What is the highest common factor of 2718 and 144?
18
What is the greatest common divisor of 4293 and 53?
53
Calculate the highest common factor of 16 and 12752.
16
What is the highest common divisor of 9500 and 125?
125
What is the highest common factor of 50 and 4150?
50
What is the highest common divisor of 141 and 25239?
141
Calculate the highest common divisor of 182 and 455.
91
Calculate the highest common divisor of 7080 and 5.
5
What is the greatest common divisor of 614 and 2?
2
Calculate the greatest common factor of 12 and 88.
4
Calculate the highest common divisor of 54 and 63.
9
What is the highest common divisor of 583 and 1537?
53
Calculate the greatest common divisor of 34 and 63461.
17
Calculate the highest common factor of 4 and 74.
2
Calculate the highest common factor of 731 and 918.
17
Calculate the greatest common factor of 944 and 16.
16
What is the greatest common factor of 3 and 90?
3
What is the greatest common factor of 12 and 34?
2
Calculate the highest common divisor of 136 and 187.
17
What is the greatest common factor of 46 and 4?
2
Calculate the highest common factor of 286 and 32318.
286
Calculate the greatest common factor of 30 and 130.
10
Calculate the greatest common divisor of 74 and 3.
1
What is the highest common divisor of 20 and 740?
20
Calculate the highest common factor of 3953 and 295.
59
What is the highest common factor of 38 and 171?
19
Calculate the highest common divisor of 243 and 9.
9
What is the highest common divisor of 72 and 96?
24
What is the greatest common divisor of 319 and 44?
11
Calculate the greatest common factor of 190 and 1805.
95
Calculate the highest common divisor of 2961 and 14.
7
What is the greatest common factor of 30 and 834?
6
Calculate the greatest common factor of 26 and 26.
26
What is the highest common divisor of 60 and 975?
15
Calculate the greatest common divisor of 18 and 390.
6
Calculate the greatest common divisor of 497 and 142.
71
Calculate the greatest common factor of 5922 and 54.
18
What is the highest common divisor of 1 and 3?
1
Calculate the highest common divisor of 78299 and 247.
247
Calculate the greatest common divisor of 4662 and 36.
18
What is the greatest common divisor of 195 and 15?
15
Calculate the highest common factor of 2338 and 14.
14
Calculate the highest common factor of 115 and 575.
115
What is the greatest common divisor of 23 and 1219?
23
What is the highest common divisor of 3536 and 728?
104
Calculate the highest common factor of 5458 and 4.
2
What is the greatest common factor of 43 and 688?
43
Calculate the highest common factor of 8 and 26912.
8
Calculate the highest common factor of 6 and 78.
6
Calculate the highest common factor of 4650 and 25.
25
Calculate the greatest common divisor of 1 and 27.
1
What is the highest common factor of 2236 and 172?
172
What is the highest common divisor of 306 and 68?
34
What is the greatest common divisor of 195 and 30?
15
Calculate the highest common divisor of 49 and 441.
49
Calculate the greatest common divisor of 2620 and 1420.
20
Calculate the greatest common divisor of 78 and 208.
26
What is the highest common factor of 240 and 180?
60
Calculate the greatest common factor of 14784 and 126.
42
Calculate the highest common factor of 16 and 152.
8
What is the greatest common divisor of 45362 and 74?
74
Calculate the highest common divisor of 7 and 119.
7
Calculate the highest common factor of 11 and 451.
11
What is the greatest common divisor of 190 and 160?
10
What is the highest common divisor of 48 and 336?
48
What is the highest common divisor of 72 and 16?
8
What is the highest common factor of 39 and 3?
3
What is the highest common factor of 56 and 77?
7
What is the greatest common divisor of 17 and 221?
17
What is the highest common divisor of 10 and 610?
10
What is the greatest common factor of 130 and 845?
65
What is the greatest common factor of 185 and 1?
1
What is the highest common factor of 108836 and 52?
52
What is the highest common factor of 7 and 21?
7
What is the highest common divisor of 26 and 78?
26
What is the greatest common divisor of 340 and 13634?
34
Calculate the greatest common factor of 34 and 1598.
34
What is the greatest common factor of 1155 and 210?
105
What is the highest common factor of 1330 and 70?
70
Calculate the greatest common factor of 4199 and 26.
13
Calculate the greatest common factor of 22 and 121.
11
Calculate the greatest common divisor of 70 and 1890.
70
What is the highest common divisor of 264 and 96?
24
Calculate the greatest common divisor of 494 and 13.
13
What is the greatest common factor of 12 and 1176?
12
Calculate the highest common factor of 1720 and 1935.
215
What is the greatest common divisor of 42 and 3969?
21
What is the highest common divisor of 416 and 32?
32
What is the highest common divisor of 126 and 217?
7
What is the great